Let s(v) = v**3 - 5*v**2 - 7*v + 8. Let r be s(6). Suppose 3*b = -5*g + 36, r*g - 5*b = 33 - 0. What is the units digit of g?
9
Suppose 0 = 6*s - 281 - 103. What is the tens digit of s?
6
Suppose -c = -0*c - 5. Let b be ((-1)/(-3))/(c/45). Let r = 9 - b. What is the units digit of r?
6
Let g(l) = -l**2. Let a be g(0). Let q = a + 6. What is the units digit of q?
6
What is the tens digit of 1204/30 + 2/(-15)?
4
Suppose q = -h + 5*q + 5, 0 = -5*q - 10. Let d(w) = -2*w**3 - 5*w**2 - 2*w. What is the tens digit of d(h)?
1
Let g(s) = s**2 - 7*s + 6. Let j be g(7). Suppose -11*f + 10*f + j = 0. What is the units digit of f?
6
Let m(y) = y**3 - 15*y**2 + 22*y - 18. What is the units digit of m(14)?
4
What is the tens digit of 4/(-4) + -1 + -1 + 67?
6
Suppose -v + 3*z = -3*v + 1, 3*z - 9 = 0. Let l be ((-6)/v + -1)*54. Let k = -18 + l. What is the units digit of k?
9
Let p(c) = 7*c + 3. Let h(f) = -f. Let u(a) = 5*h(a) + p(a). What is the units digit of u(3)?
9
Let d(h) = h**3 - 7*h**2 + 7*h - 1. Let n be d(6). Let p(j) = 4*j + 1 - 1 - 8*j + j**2. What is the units digit of p(n)?
5
Let d(h) = 12*h + 5. Let l be d(6). Let k = l + -42. What is the tens digit of k?
3
Let a(q) = -q**3 - 4*q**2 + 3. Suppose 9 + 3 = -4*x - 4*i, -i + 27 = -5*x. What is the units digit of a(x)?
8
What is the tens digit of (4 + 8)/((-3)/(-8))?
3
Suppose 1 + 3 = -v. Let y(q) = q**2 + 5*q - 3. Let n be y(-4). Let g = v - n. What is the units digit of g?
3
Let y(f) = f - 1. Let s(r) = 11*r + 5. Let j(n) = -s(n) + 5*y(n). What is the tens digit of j(-10)?
5
Suppose 2*s = -4*r + 130, 4*r - 135 - 60 = -3*s. What is the units digit of s?
5
Let n be ((-24)/(-18))/((-2)/(-3)). Let d = n + 0. What is the units digit of d?
2
Let c(b) be the second derivative of -b**3/6 + 5*b**2/2 + 2*b. Let r be c(0). Suppose 2*g = 5*d - r - 4, -6 = 3*g - 5*d. What is the units digit of g?
3
Let o(w) = 7*w - 22. Let f(g) = -20*g + 66. Let k(z) = 6*f(z) + 17*o(z). What is the units digit of k(10)?
2
Let f be -1 + -6 - 0/(-1). Let y(k) = -k - 4. What is the units digit of y(f)?
3
Let c(w) = -8*w + 1. Suppose -5*t - 4*q = 0, -t + 4*q = q + 19. What is the units digit of c(t)?
3
Suppose 0 = -k + 3*k - 5*t - 108, 0 = -4*k - t + 172. What is the units digit of k?
4
Let s(u) = 37*u - 2. What is the tens digit of s(1)?
3
Let a be 2/8 - 75/(-20). Suppose -8*h + 32 = -a*h. What is the units digit of h?
8
Let i(m) = m**2 - 8*m + 5. Let v(s) = -s + 1. Let k(h) = -i(h) - 2*v(h). What is the units digit of k(7)?
4
Let g(r) = -r**2 + r. Let u = 1 - 4. Let w(k) = 4*k**2 - 2*k - 6. Let l(q) = u*g(q) - w(q). What is the units digit of l(0)?
6
Suppose -5*z + 20 + 0 = 0. Suppose 3*d - 23 = -2*y, -3*y + 62 = -z*d + 3*d. What is the tens digit of y?
1
What is the units digit of (1 + -7 - -1)/(-1)?
5
Let u be -2 - (0 + 2)*-53. Suppose 3*c - u - 16 = 0. What is the units digit of c?
0
Let p be (-1 + -33)/(-2 - 0). Let w = 24 - p. What is the units digit of w?
7
Suppose 2*r - 6 = -4*j, 5*r + 15 = 6*j - j. Let b(m) = -7*m - 4*m**2 - 6 + j*m**2 + m**2. What is the units digit of b(-5)?
4
Let k(a) = a**3 + 6*a**2 + 5*a + 3. Let t be k(-5). Suppose 5*n - 70 = -t*f + 3*n, -25 = -5*n. What is the tens digit of f?
2
Let u = -56 - -85. What is the tens digit of u?
2
Let n be (-1)/((-608)/(-204) - 3). Suppose -5*x + 126 = -y, 0 = 3*x - 2*y - n - 19. What is the units digit of x?
6
Let o(j) = j**3 + 5*j**2 + 3*j + 4. Suppose -16 = -3*u + u. Suppose 2*q - 3*d = -5, -u = 3*q - 3*d + 1. What is the units digit of o(q)?
8
What is the tens digit of (368/16)/((-1)/(-2))?
4
Suppose 2*h + j - 44 = 0, 5*h - 2*j - 107 = -3*j. Suppose -5*b - 21 = -u, 4*u - 2*b = -3*b + h. What is the units digit of u?
6
Let d(c) = -c - 2. Let q(k) = -5*k**2 + k**2 - 6 + 6*k + 3*k**2. Let f be q(6). What is the units digit of d(f)?
4
Let x = -13 - -34. Suppose 0 = 5*z - x - 34. What is the units digit of z?
1
What is the units digit of (-8)/140*-5 + 887/7?
7
Let o(s) = s. Let m be o(-3). What is the units digit of 14/m*9/(-6)?
7
Suppose f + 3*x = 10, -4 = -f + 4*x - 5*x. What is the units digit of f/(-2) - 46/(-4)?
1
Let d(u) = 8 + 3*u + 2*u - 4*u. What is the units digit of d(-4)?
4
Let z(u) be the second derivative of -u**7/2520 + 7*u**6/720 - u**5/24 + u**4/6 + u. Let q(x) be the third derivative of z(x). What is the units digit of q(4)?
7
Let k = -5 + 5. Suppose l + l - 26 = k. What is the units digit of l?
3
What is the tens digit of 7/(1*-3 - (-196)/63)?
6
Let h(x) = -x**3 + 9*x**2 - 8*x - 7. What is the units digit of h(7)?
5
Let a be 24/(-10) + (-4)/(-10). Let r = 6 + a. Let h(m) = m - 3. What is the units digit of h(r)?
1
Suppose -98 = -k + 4*n, 2*n = 4*k - k - 304. What is the hundreds digit of k?
1
Let z(o) = 2*o**2 + 2*o. Let t(d) = 0 + 1 + 3*d**2 - 6*d - 2*d**2 + 2. Let h be t(5). What is the units digit of z(h)?
4
Suppose 326 = 14*j - 1340. What is the units digit of j?
9
Let r(v) be the first derivative of -7*v**2/2 + 9*v - 2. Let b(p) = 4*p - 5. Let d(z) = -11*b(z) - 6*r(z). What is the units digit of d(-3)?
7
Suppose -h + 95 = -3*v, -7*h + 2*h - 4*v + 513 = 0. What is the hundreds digit of h?
1
Suppose -5*f - 2*s = -62, -4*f + 2*s = -0*f - 46. Let r = 13 - 7. Let d = f - r. What is the units digit of d?
6
Suppose 5*a + 19 = 2*x, -3*x + 15 = -2*a - a. Let i be 12/(-8) + a/2. What is the units digit of (-1)/(i/(-15)*-1)?
5
Suppose 0 = -2*x + u + 87 + 5, -5*x + 231 = -3*u. What is the tens digit of x?
4
Let k = 8 - 9. What is the units digit of 1 - (k + -10 + 2)?
0
Suppose -8*d = -5*d - 450. What is the tens digit of d?
5
Let m(h) be the first derivative of -h + 1 + 1/3*h**3 - 7/2*h**2. What is the units digit of m(8)?
7
Let t = 18 + -13. Suppose -2*o - 2*o - 46 = -d, 104 = 3*d + t*o. Suppose -4*v + 0*v - 2*c + d = 0, -2*c = 2. What is the units digit of v?
0
Suppose -5*s - 40 = -r - 0*r, 0 = 2*r + s - 80. What is the units digit of r?
0
Suppose -2*y + 57 = y. What is the units digit of y?
9
Let c be (-6)/7*(0 + -14). Suppose 0 = 2*g + 2*g + 4. Let a = g + c. What is the units digit of a?
1
Let k(t) = -t + 1. Let z be k(10). What is the units digit of -2 - (1 - 0) - z?
6
Let a(r) = r**2 - 8*r - 4. Let n be a(10). Suppose -4*d + 2*d = -n. Let o = 11 - d. What is the units digit of o?
3
Suppose 0 = -c + 3*c - 6. Suppose -2 = -2*b + r, -c - 1 = -r. Suppose s = 11 - b. What is the units digit of s?
8
Let f be (-190)/(-12) + (-3)/(-18). Let p = f + -10. Suppose -30 = 3*r - p*r. What is the units digit of r?
0
What is the tens digit of -4 - 0 - (-83 - -15)?
6
What is the units digit of (5 - 6) + (21 - 0)?
0
Let c(f) = f**2 + 2*f - 3. Let o be 3 + -7 - -1*1. Let h be c(o). Suppose -2*b + 10 = -h. What is the units digit of b?
5
Suppose 0 = 5*s - 5*t - 255, 290 = 5*s + 5*t + 45. Suppose 0 = 2*p - s + 2. What is the tens digit of p?
2
Suppose 2*k - 2 - 2 = 0. Suppose 0 = -3*o - 4*l + 166, -k*o + l + 113 = 17. What is the units digit of o?
0
Suppose o + 0*o - d - 1 = 0, 5*o - 10 = 4*d. What is the units digit of o?
6
Let m(q) be the first derivative of 5*q**2 - 4*q + 1. Let h be m(4). Suppose -3 = -k + 5*x, 4*k + 7*x = 3*x + h. What is the units digit of k?
8
What is the tens digit of (-1 - 4) + 13 + 87?
9
Let x(f) = f + 5. Let l be x(-7). What is the units digit of -3 + l*-1*4?
5
Suppose 25 = -3*u - 11. Let r be (-8)/6*162/u. Suppose 50 = 4*k - r. What is the units digit of k?
7
Suppose 4*d + 7 - 23 = -3*m, -3*m - 5*d + 14 = 0. What is the units digit of 16/3*12/m?
8
Let w = 0 - -3. Suppose -4*u = -3*u - 5. Suppose 2 = u*n - w. What is the units digit of n?
1
What is the units digit of 4 + (-1)/((-2)/(-6))?
1
Suppose -3*u - 27 = -5*r + r, 3*r + 5*u + 16 = 0. What is the units digit of r?
3
Let b(a) be the second derivative of a**3/6 + 5*a**2 + a. Suppose -3*j - 4 = -p, -j = p - 0*j + 12. What is the units digit of b(p)?
2
Let o = 33 + 17. What is the tens digit of o?
5
Suppose 5*u - 250 = -0*u. What is the tens digit of u/4 - 2/4?
1
Suppose 2*q - 2 = -0. Let y be 4 - (-2 + q - -2). Suppose 40 = y*d + 2*d. What is the units digit of d?
8
Suppose 2*z = 2 + 2. Suppose 0 = -z*k + 2. What is the units digit of k?
1
What is the tens digit of 208/8*(-7)/(-2)?
9
Let f = -2 + 7. Let i(j) = j**2 - 4*j - 7. Let b be i(f). Let y(c) = -2*c + 1. What is the units digit o